{"id":149,"date":"2026-03-10T18:41:55","date_gmt":"2026-03-10T18:41:55","guid":{"rendered":"https:\/\/www.pharmemin.com\/?page_id=149"},"modified":"2026-03-10T18:41:56","modified_gmt":"2026-03-10T18:41:56","slug":"curcumin","status":"publish","type":"page","link":"https:\/\/www.pharmemin.com\/index.php\/curcumin\/","title":{"rendered":"CURCUMIN"},"content":{"rendered":"\n\n\n<p>Zerde\u00e7al\u0131n de\u011ferli bile\u015feni kurkuminin etkisini art\u0131ran geli\u015fmi\u015f teknoloji ile haz\u0131rlanm\u0131\u015f \u00f6zel form\u00fcl: Curcumin CR2<\/p>\n\n\n\n<p>NovaSOL\u00ae\ufe0f ve Licaps\u00ae\ufe0f teknolojisi sayesinde y\u00fcksek emilim sunar, v\u00fccudu oksidatif strese kar\u015f\u0131 korumaya ve inflamasyonla m\u00fccadeleye destek olur.<\/p>\n\n\n\n<p>\ud83c\udf31 Kurkumin Ekstresi (500 mg) ile g\u00fc\u00e7l\u00fc antioksidan destek<br>\ud83c\udf31 Karabiber Ekstresi (Piperin \u2013 5 mg) ile biyoyararlan\u0131m\u0131 art\u0131rmaya yard\u0131mc\u0131 olur<\/p>\n\n\n\n<p>\ud83d\udd2c NovaSOL\u00ae\ufe0f teknolojisi ile y\u00fcksek emilim<br>\ud83d\udca0 Licaps\u00ae\ufe0f kaps\u00fcl sistemi ile geli\u015fmi\u015f form\u00fcl<\/p>\n\n\n\n<p>Do\u011fadan gelen g\u00fc\u00e7l\u00fc i\u00e7eriklerle v\u00fccuduna destek ol.<\/p>\n\n\n\n<p>\ud83c\udf31 Do\u011fal \u2013 G\u00fcvenli \u2013 Etkili<\/p>\n\n\n\n<p>\ud83d\udc8a30 Licaps<\/p>\n","protected":false},"excerpt":{"rendered":"<p>Zerde\u00e7al\u0131n de\u011ferli bile\u015feni kurkuminin etkisini art\u0131ran geli\u015fmi\u015f teknoloji ile haz\u0131rlanm\u0131\u015f \u00f6zel form\u00fcl: Curcumin CR2 NovaSOL\u00ae\ufe0f ve Licaps\u00ae\ufe0f teknolojisi sayesinde y\u00fcksek emilim sunar, v\u00fccudu oksidatif strese kar\u015f\u0131 korumaya ve inflamasyonla m\u00fccadeleye destek olur. \ud83c\udf31 Kurkumin Ekstresi (500 mg) ile g\u00fc\u00e7l\u00fc antioksidan destek\ud83c\udf31 Karabiber Ekstresi (Piperin \u2013 5 mg) ile biyoyararlan\u0131m\u0131 art\u0131rmaya yard\u0131mc\u0131 olur \ud83d\udd2c NovaSOL\u00ae\ufe0f teknolojisi [&hellip;]<\/p>\n","protected":false},"author":1,"featured_media":0,"parent":0,"menu_order":0,"comment_status":"closed","ping_status":"closed","template":"","meta":{"saved_in_kubio":false,"footnotes":""},"class_list":["post-149","page","type-page","status-publish","hentry"],"kubio_ai_page_context":{"short_desc":"","purpose":"general"},"_links":{"self":[{"href":"https:\/\/www.pharmemin.com\/index.php\/wp-json\/wp\/v2\/pages\/149","targetHints":{"allow":["GET"]}}],"collection":[{"href":"https:\/\/www.pharmemin.com\/index.php\/wp-json\/wp\/v2\/pages"}],"about":[{"href":"https:\/\/www.pharmemin.com\/index.php\/wp-json\/wp\/v2\/types\/page"}],"author":[{"embeddable":true,"href":"https:\/\/www.pharmemin.com\/index.php\/wp-json\/wp\/v2\/users\/1"}],"replies":[{"embeddable":true,"href":"https:\/\/www.pharmemin.com\/index.php\/wp-json\/wp\/v2\/comments?post=149"}],"version-history":[{"count":1,"href":"https:\/\/www.pharmemin.com\/index.php\/wp-json\/wp\/v2\/pages\/149\/revisions"}],"predecessor-version":[{"id":151,"href":"https:\/\/www.pharmemin.com\/index.php\/wp-json\/wp\/v2\/pages\/149\/revisions\/151"}],"wp:attachment":[{"href":"https:\/\/www.pharmemin.com\/index.php\/wp-json\/wp\/v2\/media?parent=149"}],"curies":[{"name":"wp","href":"https:\/\/api.w.org\/{rel}","templated":true}]}}